{"id":4213,"date":"2024-06-14T15:11:18","date_gmt":"2024-06-14T14:11:18","guid":{"rendered":"https:\/\/auresott.com\/?post_type=product&#038;p=4213"},"modified":"2024-06-18T19:07:04","modified_gmt":"2024-06-18T18:07:04","slug":"offre-3-mois-pack-diamond","status":"publish","type":"product","link":"https:\/\/auresott.com\/index.php\/product\/offre-3-mois-pack-diamond\/","title":{"rendered":"OFFRE 3 MOIS &#8211; PACK DIAMOND"},"content":{"rendered":"<div><img decoding=\"async\" class=\"aligncenter\" src=\"https:\/\/cdn.shopify.com\/s\/files\/1\/0580\/2842\/5390\/files\/FRENCH-NEW_480x480.gif?v=1634045278\" alt=\"\" \/><\/div>\n<div>\n<h3 class=\"tlt-mn\" style=\"text-align: center;\">Pourquoi payer des centaines d&rsquo;euros par mois pour les services de t\u00e9l\u00e9vision par c\u00e2ble ou par satellite?<\/h3>\n<ol>\n<li>\u00a0Fini Avec les factures de c\u00e2ble plus ch\u00e8res<\/li>\n<li>\u00a0Aucun mat\u00e9riel \u00e0 installer<\/li>\n<li>\u00a0Vous obtenez un acc\u00e8s illimit\u00e9 24\/7<\/li>\n<li>\u00a0Vous obtenez plus de +3,000 cha\u00eenes de t\u00e9l\u00e9vision<\/li>\n<li>\u00a0Vous obtenez plus de 3000 films, plus de 300 series + <strong>stable \u00e0 90%<\/strong><\/li>\n<li>\u00a0Regardez-les sur tout vos appareils<\/li>\n<\/ol>\n<p style=\"text-align: center;\"><img fetchpriority=\"high\" decoding=\"async\" class=\"alignnone size-medium wp-image-4038\" src=\"https:\/\/auresott.com\/wp-content\/uploads\/2021\/10\/888-300x300.png\" alt=\"\" width=\"300\" height=\"300\" srcset=\"https:\/\/auresott.com\/wp-content\/uploads\/2021\/10\/888-300x300.png 300w, https:\/\/auresott.com\/wp-content\/uploads\/2021\/10\/888-1024x1024.png 1024w, https:\/\/auresott.com\/wp-content\/uploads\/2021\/10\/888-150x150.png 150w, https:\/\/auresott.com\/wp-content\/uploads\/2021\/10\/888-768x768.png 768w, https:\/\/auresott.com\/wp-content\/uploads\/2021\/10\/888-1536x1536.png 1536w, https:\/\/auresott.com\/wp-content\/uploads\/2021\/10\/888-600x600.png 600w, https:\/\/auresott.com\/wp-content\/uploads\/2021\/10\/888-100x100.png 100w, https:\/\/auresott.com\/wp-content\/uploads\/2021\/10\/888.png 2000w\" sizes=\"(max-width: 300px) 100vw, 300px\" \/><\/p>\n<h2 style=\"text-align: center;\"><strong>*LIVRAISON IMM\u00c9DIATE VIA VOTRE BO\u00ceTE E-MAIL\u00a0<\/strong><\/h2>\n<p>VOUS RECEVEREZ VOS\u00a0IDENTIFIENTS + UN\u00a0TUTORIEL POUR LE BON FONCTIONNEMENT VIA VOTRE BO\u00ceTE E-MAIL JUSTE\u00a0APR\u00c8S LE PAIEMENT<\/p>\n<\/div>\n<div><\/div>\n<div>\n<h3 class=\"tlt-mn\" style=\"text-align: center;\">Pourquoi Nous Choisir ?<\/h3>\n<p class=\"tlt-desc\" style=\"text-align: center;\">Obtenez des cha\u00eenes de tous les pays du monde!<\/p>\n<ul>\n<li><strong>INSTALLATION INSTANTAN\u00c9E<\/strong><\/li>\n<\/ul>\n<p>Vous pouvez facilement configurer et l&rsquo;installer sur votre appareil pr\u00e9f\u00e9r\u00e9, nous fournissons des tutoriels complets sur notre site Web pour rendre ce processus plus facile pour tout le monde.<\/p>\n<ul>\n<li><strong>QUALIT\u00c9 FULL HD<\/strong><\/li>\n<\/ul>\n<p class=\"crd-desc\">La plupart de nos cha\u00eenes sont disponibles en qualit\u00e9 HD et certaines d&rsquo;entre elles sont en 4K.<\/p>\n<ul>\n<li><strong>PACK SILVER : PLUS DE 3,000 CHA\u00ceNES ET 3,300 VOD<\/strong><\/li>\n<\/ul>\n<p class=\"crd-desc\">Une liste compl\u00e8te de toutes les cha\u00eenes europ\u00e9ennes disponibles. Avec plus de plus de 3000 cha\u00eenes TV,3000 films, plus de 300 s\u00e9ries + replay <strong>avec une stabilit\u00e9 \u00e0 90%<\/strong> , nous pouvons vous proposer la liste de cha\u00eenes la plus avanc\u00e9e du march\u00e9.<\/p>\n<ul>\n<li><strong>QUALIT\u00c9 ET HAUTE VITESSE<\/strong><\/li>\n<\/ul>\n<p class=\"crd-desc\">Contrairement aux autres fournisseurs, nous utilisons un serveur d\u00e9di\u00e9 europ\u00e9en de haute qualit\u00e9 avec une connexion 10 Gbps. L&rsquo;ouverture de nos cha\u00eenes de t\u00e9l\u00e9vision prendra moins de 0,5 seconde.<\/p>\n<ul>\n<li><strong>TOUS LES APPAREILS PRIS EN CHARGE<\/strong><\/li>\n<\/ul>\n<p class=\"crd-desc\">La meilleure caract\u00e9ristique d&rsquo;avoir un bon serveur est de pouvoir regarder vos cha\u00eenes de t\u00e9l\u00e9vision pr\u00e9f\u00e9r\u00e9es sur tous les appareils tels que Smart TV, Smartphone, Tablette, Ordinateur, Android Box, etc.<\/p>\n<ul>\n<li><strong>AUCUNE ANTENNE PARABOLIQUE REQUISE<\/strong><\/li>\n<\/ul>\n<p class=\"crd-desc\">Une autre fonctionnalit\u00e9 int\u00e9ressante est que vous n&rsquo;avez pas besoin de parabole pour pouvoir regarder les cha\u00eenes, seul Internet suffit pour que la magie op\u00e8re.<\/p>\n<p class=\"crd-desc\"><em>*POUR LE BON FONCTIONNEMENT , VEUILLEZ SUIVRE TOUT LES D\u00c9TAILS QUE<\/em><em> VOUS RECEVEREZ\u00a0 VIA VOTRE E-MAIL APR\u00c8S L&rsquo;ACHAT .<\/em><\/p>\n<\/div>\n","protected":false},"excerpt":{"rendered":"<p>Pourquoi payer des centaines d&rsquo;euros par mois pour les services de t\u00e9l\u00e9vision par c\u00e2ble ou par satellite? \u00a0Fini Avec les [&hellip;]<\/p>\n","protected":false},"featured_media":4334,"template":"","meta":{"om_disable_all_campaigns":false,"rank_math_lock_modified_date":false,"_uag_custom_page_level_css":"","_monsterinsights_skip_tracking":false,"_monsterinsights_sitenote_active":false,"_monsterinsights_sitenote_note":"","_monsterinsights_sitenote_category":0,"site-sidebar-layout":"default","site-content-layout":"default","ast-site-content-layout":"","site-content-style":"default","site-sidebar-style":"default","ast-global-header-display":"","ast-banner-title-visibility":"","ast-main-header-display":"","ast-hfb-above-header-display":"","ast-hfb-below-header-display":"","ast-hfb-mobile-header-display":"","site-post-title":"","ast-breadcrumbs-content":"","ast-featured-img":"","footer-sml-layout":"","theme-transparent-header-meta":"default","adv-header-id-meta":"","stick-header-meta":"","header-above-stick-meta":"","header-main-stick-meta":"","header-below-stick-meta":"","astra-migrate-meta-layouts":"default","ast-page-background-enabled":"default","ast-page-background-meta":{"desktop":{"background-color":"var(--ast-global-color-4)","background-image":"","background-repeat":"repeat","background-position":"center center","background-size":"auto","background-attachment":"scroll","background-type":"","background-media":"","overlay-type":"","overlay-color":"","overlay-opacity":"","overlay-gradient":""},"tablet":{"background-color":"","background-image":"","background-repeat":"repeat","background-position":"center center","background-size":"auto","background-attachment":"scroll","background-type":"","background-media":"","overlay-type":"","overlay-color":"","overlay-opacity":"","overlay-gradient":""},"mobile":{"background-color":"","background-image":"","background-repeat":"repeat","background-position":"center center","background-size":"auto","background-attachment":"scroll","background-type":"","background-media":"","overlay-type":"","overlay-color":"","overlay-opacity":"","overlay-gradient":""}},"ast-content-background-meta":{"desktop":{"background-color":"var(--ast-global-color-5)","background-image":"","background-repeat":"repeat","background-position":"center center","background-size":"auto","background-attachment":"scroll","background-type":"","background-media":"","overlay-type":"","overlay-color":"","overlay-opacity":"","overlay-gradient":""},"tablet":{"background-color":"var(--ast-global-color-5)","background-image":"","background-repeat":"repeat","background-position":"center center","background-size":"auto","background-attachment":"scroll","background-type":"","background-media":"","overlay-type":"","overlay-color":"","overlay-opacity":"","overlay-gradient":""},"mobile":{"background-color":"var(--ast-global-color-5)","background-image":"","background-repeat":"repeat","background-position":"center center","background-size":"auto","background-attachment":"scroll","background-type":"","background-media":"","overlay-type":"","overlay-color":"","overlay-opacity":"","overlay-gradient":""}}},"product_cat":[36],"product_tag":[],"class_list":{"0":"post-4213","1":"product","2":"type-product","3":"status-publish","4":"has-post-thumbnail","6":"product_cat-pack-diamond","7":"desktop-align-left","8":"tablet-align-left","9":"mobile-align-left","10":"ast-product-gallery-layout-horizontal-slider","11":"ast-product-gallery-with-no-image","12":"ast-product-tabs-layout-horizontal","14":"first","15":"instock","16":"shipping-taxable","17":"purchasable","18":"product-type-simple"},"yoast_head":"<!-- This site is optimized with the Yoast SEO Premium plugin v23.8 (Yoast SEO v23.8) - https:\/\/yoast.com\/wordpress\/plugins\/seo\/ -->\n<title>OFFRE 3 MOIS - PACK DIAMOND - AURES OTT<\/title>\n<meta name=\"robots\" content=\"index, follow, max-snippet:-1, max-image-preview:large, max-video-preview:-1\" \/>\n<link rel=\"canonical\" href=\"https:\/\/auresott.com\/index.php\/product\/offre-3-mois-pack-diamond\/\" \/>\n<meta property=\"og:locale\" content=\"fr_FR\" \/>\n<meta property=\"og:type\" content=\"article\" \/>\n<meta property=\"og:title\" content=\"OFFRE 3 MOIS - PACK DIAMOND\" \/>\n<meta property=\"og:description\" content=\"Pourquoi payer des centaines d&rsquo;euros par mois pour les services de t\u00e9l\u00e9vision par c\u00e2ble ou par satellite? \u00a0Fini Avec les [&hellip;]\" \/>\n<meta property=\"og:url\" content=\"https:\/\/auresott.com\/index.php\/product\/offre-3-mois-pack-diamond\/\" \/>\n<meta property=\"og:site_name\" content=\"AURES OTT\" \/>\n<meta property=\"article:modified_time\" content=\"2024-06-18T18:07:04+00:00\" \/>\n<meta property=\"og:image\" content=\"https:\/\/auresott.com\/wp-content\/uploads\/2024\/06\/Diamond-1.png\" \/>\n\t<meta property=\"og:image:width\" content=\"1280\" \/>\n\t<meta property=\"og:image:height\" content=\"1024\" \/>\n\t<meta property=\"og:image:type\" content=\"image\/png\" \/>\n<meta name=\"twitter:card\" content=\"summary_large_image\" \/>\n<meta name=\"twitter:label1\" content=\"Dur\u00e9e de lecture estim\u00e9e\" \/>\n\t<meta name=\"twitter:data1\" content=\"2 minutes\" \/>\n<script type=\"application\/ld+json\" class=\"yoast-schema-graph\">{\"@context\":\"https:\/\/schema.org\",\"@graph\":[{\"@type\":\"WebPage\",\"@id\":\"https:\/\/auresott.com\/index.php\/product\/offre-3-mois-pack-diamond\/\",\"url\":\"https:\/\/auresott.com\/index.php\/product\/offre-3-mois-pack-diamond\/\",\"name\":\"OFFRE 3 MOIS - PACK DIAMOND - AURES OTT\",\"isPartOf\":{\"@id\":\"https:\/\/auresott.com\/#website\"},\"primaryImageOfPage\":{\"@id\":\"https:\/\/auresott.com\/index.php\/product\/offre-3-mois-pack-diamond\/#primaryimage\"},\"image\":{\"@id\":\"https:\/\/auresott.com\/index.php\/product\/offre-3-mois-pack-diamond\/#primaryimage\"},\"thumbnailUrl\":\"https:\/\/auresott.com\/wp-content\/uploads\/2024\/06\/Diamond-1.png\",\"datePublished\":\"2024-06-14T14:11:18+00:00\",\"dateModified\":\"2024-06-18T18:07:04+00:00\",\"breadcrumb\":{\"@id\":\"https:\/\/auresott.com\/index.php\/product\/offre-3-mois-pack-diamond\/#breadcrumb\"},\"inLanguage\":\"fr-FR\",\"potentialAction\":[{\"@type\":\"ReadAction\",\"target\":[\"https:\/\/auresott.com\/index.php\/product\/offre-3-mois-pack-diamond\/\"]}]},{\"@type\":\"ImageObject\",\"inLanguage\":\"fr-FR\",\"@id\":\"https:\/\/auresott.com\/index.php\/product\/offre-3-mois-pack-diamond\/#primaryimage\",\"url\":\"https:\/\/auresott.com\/wp-content\/uploads\/2024\/06\/Diamond-1.png\",\"contentUrl\":\"https:\/\/auresott.com\/wp-content\/uploads\/2024\/06\/Diamond-1.png\",\"width\":1280,\"height\":1024},{\"@type\":\"BreadcrumbList\",\"@id\":\"https:\/\/auresott.com\/index.php\/product\/offre-3-mois-pack-diamond\/#breadcrumb\",\"itemListElement\":[{\"@type\":\"ListItem\",\"position\":1,\"name\":\"Accueil\",\"item\":\"https:\/\/auresott.com\/\"},{\"@type\":\"ListItem\",\"position\":2,\"name\":\"Boutique\",\"item\":\"https:\/\/auresott.com\/index.php\/shop-2\/\"},{\"@type\":\"ListItem\",\"position\":3,\"name\":\"OFFRE 3 MOIS &#8211; PACK DIAMOND\"}]},{\"@type\":\"WebSite\",\"@id\":\"https:\/\/auresott.com\/#website\",\"url\":\"https:\/\/auresott.com\/\",\"name\":\"AURES OTT\",\"description\":\"VIVEZ UNE EXPERIENCE EXCEPTIONNELLE AVEC L&#039;IPTV  !\",\"publisher\":{\"@id\":\"https:\/\/auresott.com\/#organization\"},\"potentialAction\":[{\"@type\":\"SearchAction\",\"target\":{\"@type\":\"EntryPoint\",\"urlTemplate\":\"https:\/\/auresott.com\/?s={search_term_string}\"},\"query-input\":{\"@type\":\"PropertyValueSpecification\",\"valueRequired\":true,\"valueName\":\"search_term_string\"}}],\"inLanguage\":\"fr-FR\"},{\"@type\":\"Organization\",\"@id\":\"https:\/\/auresott.com\/#organization\",\"name\":\"AURES OTT\",\"url\":\"https:\/\/auresott.com\/\",\"logo\":{\"@type\":\"ImageObject\",\"inLanguage\":\"fr-FR\",\"@id\":\"https:\/\/auresott.com\/#\/schema\/logo\/image\/\",\"url\":\"https:\/\/auresott.com\/wp-content\/uploads\/2023\/01\/cropped-logo-11-e1688780211193.png\",\"contentUrl\":\"https:\/\/auresott.com\/wp-content\/uploads\/2023\/01\/cropped-logo-11-e1688780211193.png\",\"width\":350,\"height\":201,\"caption\":\"AURES OTT\"},\"image\":{\"@id\":\"https:\/\/auresott.com\/#\/schema\/logo\/image\/\"}}]}<\/script>\n<!-- \/ Yoast SEO Premium plugin. -->","yoast_head_json":{"title":"OFFRE 3 MOIS - PACK DIAMOND - AURES OTT","robots":{"index":"index","follow":"follow","max-snippet":"max-snippet:-1","max-image-preview":"max-image-preview:large","max-video-preview":"max-video-preview:-1"},"canonical":"https:\/\/auresott.com\/index.php\/product\/offre-3-mois-pack-diamond\/","og_locale":"fr_FR","og_type":"article","og_title":"OFFRE 3 MOIS - PACK DIAMOND","og_description":"Pourquoi payer des centaines d&rsquo;euros par mois pour les services de t\u00e9l\u00e9vision par c\u00e2ble ou par satellite? \u00a0Fini Avec les [&hellip;]","og_url":"https:\/\/auresott.com\/index.php\/product\/offre-3-mois-pack-diamond\/","og_site_name":"AURES OTT","article_modified_time":"2024-06-18T18:07:04+00:00","og_image":[{"width":1280,"height":1024,"url":"https:\/\/auresott.com\/wp-content\/uploads\/2024\/06\/Diamond-1.png","type":"image\/png"}],"twitter_card":"summary_large_image","twitter_misc":{"Dur\u00e9e de lecture estim\u00e9e":"2 minutes"},"schema":{"@context":"https:\/\/schema.org","@graph":[{"@type":"WebPage","@id":"https:\/\/auresott.com\/index.php\/product\/offre-3-mois-pack-diamond\/","url":"https:\/\/auresott.com\/index.php\/product\/offre-3-mois-pack-diamond\/","name":"OFFRE 3 MOIS - PACK DIAMOND - AURES OTT","isPartOf":{"@id":"https:\/\/auresott.com\/#website"},"primaryImageOfPage":{"@id":"https:\/\/auresott.com\/index.php\/product\/offre-3-mois-pack-diamond\/#primaryimage"},"image":{"@id":"https:\/\/auresott.com\/index.php\/product\/offre-3-mois-pack-diamond\/#primaryimage"},"thumbnailUrl":"https:\/\/auresott.com\/wp-content\/uploads\/2024\/06\/Diamond-1.png","datePublished":"2024-06-14T14:11:18+00:00","dateModified":"2024-06-18T18:07:04+00:00","breadcrumb":{"@id":"https:\/\/auresott.com\/index.php\/product\/offre-3-mois-pack-diamond\/#breadcrumb"},"inLanguage":"fr-FR","potentialAction":[{"@type":"ReadAction","target":["https:\/\/auresott.com\/index.php\/product\/offre-3-mois-pack-diamond\/"]}]},{"@type":"ImageObject","inLanguage":"fr-FR","@id":"https:\/\/auresott.com\/index.php\/product\/offre-3-mois-pack-diamond\/#primaryimage","url":"https:\/\/auresott.com\/wp-content\/uploads\/2024\/06\/Diamond-1.png","contentUrl":"https:\/\/auresott.com\/wp-content\/uploads\/2024\/06\/Diamond-1.png","width":1280,"height":1024},{"@type":"BreadcrumbList","@id":"https:\/\/auresott.com\/index.php\/product\/offre-3-mois-pack-diamond\/#breadcrumb","itemListElement":[{"@type":"ListItem","position":1,"name":"Accueil","item":"https:\/\/auresott.com\/"},{"@type":"ListItem","position":2,"name":"Boutique","item":"https:\/\/auresott.com\/index.php\/shop-2\/"},{"@type":"ListItem","position":3,"name":"OFFRE 3 MOIS &#8211; PACK DIAMOND"}]},{"@type":"WebSite","@id":"https:\/\/auresott.com\/#website","url":"https:\/\/auresott.com\/","name":"AURES OTT","description":"VIVEZ UNE EXPERIENCE EXCEPTIONNELLE AVEC L&#039;IPTV  !","publisher":{"@id":"https:\/\/auresott.com\/#organization"},"potentialAction":[{"@type":"SearchAction","target":{"@type":"EntryPoint","urlTemplate":"https:\/\/auresott.com\/?s={search_term_string}"},"query-input":{"@type":"PropertyValueSpecification","valueRequired":true,"valueName":"search_term_string"}}],"inLanguage":"fr-FR"},{"@type":"Organization","@id":"https:\/\/auresott.com\/#organization","name":"AURES OTT","url":"https:\/\/auresott.com\/","logo":{"@type":"ImageObject","inLanguage":"fr-FR","@id":"https:\/\/auresott.com\/#\/schema\/logo\/image\/","url":"https:\/\/auresott.com\/wp-content\/uploads\/2023\/01\/cropped-logo-11-e1688780211193.png","contentUrl":"https:\/\/auresott.com\/wp-content\/uploads\/2023\/01\/cropped-logo-11-e1688780211193.png","width":350,"height":201,"caption":"AURES OTT"},"image":{"@id":"https:\/\/auresott.com\/#\/schema\/logo\/image\/"}}]}},"spectra_custom_meta":{"_regular_price":["40"],"total_sales":["0"],"_tax_status":["taxable"],"_tax_class":[""],"_manage_stock":["no"],"_backorders":["no"],"_sold_individually":["no"],"_virtual":["no"],"_downloadable":["no"],"_download_limit":["-1"],"_download_expiry":["-1"],"_thumbnail_id":["4334"],"_stock":[null],"_stock_status":["instock"],"_wc_average_rating":["0"],"_wc_review_count":["0"],"_product_version":["7.9.0"],"_price":["40"],"_aioseo_title":["#post_title #separator_sa #site_title"],"_aioseo_description":["#post_excerpt"],"_aioseo_keywords":[""],"_aioseo_og_article_section":[""],"_aioseo_og_article_tags":[""],"om_disable_all_campaigns":[""],"site-sidebar-layout":["default"],"site-content-layout":["default"],"theme-transparent-header-meta":["default"],"_last_editor_used_jetpack":["classic-editor"],"_wc_gla_mc_status":["approved"],"_wc_gla_synced_at":["1691209071"],"_wc_gla_sync_status":["synced"],"_wc_gla_visibility":["sync-and-show"],"_wc_gla_google_ids":["a:1:{s:2:\"DZ\";s:21:\"online:fr:DZ:gla_4049\";}"],"_edit_lock":["1718734025:3"],"_edit_last":["3"],"rank_math_news_sitemap_robots":["index"],"rank_math_robots":["a:1:{i:0;s:5:\"index\";}"],"rank_math_internal_links_processed":["1"],"_uag_page_assets":["a:9:{s:3:\"css\";s:0:\"\";s:2:\"js\";s:0:\"\";s:18:\"current_block_list\";a:0:{}s:8:\"uag_flag\";b:0;s:11:\"uag_version\";s:10:\"1762630815\";s:6:\"gfonts\";a:0:{}s:10:\"gfonts_url\";s:0:\"\";s:12:\"gfonts_files\";a:0:{}s:14:\"uag_faq_layout\";b:0;}"],"_eael_post_view_count":["444"],"ekit_post_views_count":["379"]},"uagb_featured_image_src":{"full":["https:\/\/auresott.com\/wp-content\/uploads\/2024\/06\/Diamond-1.png",1280,1024,false],"thumbnail":["https:\/\/auresott.com\/wp-content\/uploads\/2024\/06\/Diamond-1-150x150.png",150,150,true],"medium":["https:\/\/auresott.com\/wp-content\/uploads\/2024\/06\/Diamond-1-300x240.png",300,240,true],"medium_large":["https:\/\/auresott.com\/wp-content\/uploads\/2024\/06\/Diamond-1-768x614.png",768,614,true],"large":["https:\/\/auresott.com\/wp-content\/uploads\/2024\/06\/Diamond-1-1024x819.png",1024,819,true],"1536x1536":["https:\/\/auresott.com\/wp-content\/uploads\/2024\/06\/Diamond-1.png",1280,1024,false],"2048x2048":["https:\/\/auresott.com\/wp-content\/uploads\/2024\/06\/Diamond-1.png",1280,1024,false],"woocommerce_thumbnail":["https:\/\/auresott.com\/wp-content\/uploads\/2024\/06\/Diamond-1-300x300.png",300,300,true],"woocommerce_single":["https:\/\/auresott.com\/wp-content\/uploads\/2024\/06\/Diamond-1-600x480.png",600,480,true],"woocommerce_gallery_thumbnail":["https:\/\/auresott.com\/wp-content\/uploads\/2024\/06\/Diamond-1-100x100.png",100,100,true],"variation_swatches_image_size":["https:\/\/auresott.com\/wp-content\/uploads\/2024\/06\/Diamond-1.png",50,40,false],"variation_swatches_tooltip_size":["https:\/\/auresott.com\/wp-content\/uploads\/2024\/06\/Diamond-1.png",100,80,false],"eh_logo_image_size":["https:\/\/auresott.com\/wp-content\/uploads\/2024\/06\/Diamond-1.png",113,90,false],"eh_header_image_size":["https:\/\/auresott.com\/wp-content\/uploads\/2024\/06\/Diamond-1.png",113,90,false]},"uagb_author_info":{"display_name":"auresadmin","author_link":"https:\/\/auresott.com\/author\/"},"uagb_comment_info":0,"uagb_excerpt":"Pourquoi payer des centaines d&rsquo;euros par mois pour les services de t\u00e9l\u00e9vision par c\u00e2ble ou par satellite? \u00a0Fini Avec les [&hellip;]","_links":{"self":[{"href":"https:\/\/auresott.com\/index.php\/wp-json\/wp\/v2\/product\/4213","targetHints":{"allow":["GET"]}}],"collection":[{"href":"https:\/\/auresott.com\/index.php\/wp-json\/wp\/v2\/product"}],"about":[{"href":"https:\/\/auresott.com\/index.php\/wp-json\/wp\/v2\/types\/product"}],"wp:featuredmedia":[{"embeddable":true,"href":"https:\/\/auresott.com\/index.php\/wp-json\/wp\/v2\/media\/4334"}],"wp:attachment":[{"href":"https:\/\/auresott.com\/index.php\/wp-json\/wp\/v2\/media?parent=4213"}],"wp:term":[{"taxonomy":"product_cat","embeddable":true,"href":"https:\/\/auresott.com\/index.php\/wp-json\/wp\/v2\/product_cat?post=4213"},{"taxonomy":"product_tag","embeddable":true,"href":"https:\/\/auresott.com\/index.php\/wp-json\/wp\/v2\/product_tag?post=4213"}],"curies":[{"name":"wp","href":"https:\/\/api.w.org\/{rel}","templated":true}]}}